) = -10*n + 1. Let a(c) = -21*c + 2. Let h(d) = 6*a(d) - 13*j(d). Determine h(q).
3
Let l be (-1)/4 + 7/(-4). Let a(f) = 0*f - 4 + 4 - 16*f. Let q(g) = -3*g. Let m(d) = 6*a(d) - 33*q(d). Calculate m(l).
-6
Let g(m) = -22*m - 21*m + 37*m. Determine g(-1).
6
Let c(r) = -r + 2. Let q be (-3)/3*(4 - 3). Let l be (3 + (4 + -1)*-1)/q. Determine c(l).
2
Let a(v) be the second derivative of 15*v - 7/6*v**3 + 0 + 0*v**2. What is a(-1)?
7
Let w be (-4)/(-6)*(-1 + 4). Let l(q) = q**3 + 30*q**2 + 4*q - 34*q**w - 2*q - 4. Give l(4).
4
Let w(c) = 12*c - 1. Suppose 19*n + 94 = 75. Calculate w(n).
-13
Let b(d) = d - 8. Suppose -49 + 35 = -2*q. What is b(q)?
-1
Let i(n) = n**2 - 7*n + 8. Let o be (-2)/3 + (-2)/(24/(-404)). Let s = 39 - o. Give i(s).
2
Suppose 0 = -5*t + 2*q - 32, -5*q - 16 - 4 = 0. Let f(w) be the first derivative of -w**4/4 - 8*w**3/3 - w**2/2 + 178. What is f(t)?
8
Let t be (-10)/6 - (-4)/6. Let p(h) be the first derivative of -h**4 + 2*h**3/3 + h**2 + h + 4. What is p(t)?
5
Let r(y) = -310*y - 11. Let i(w) = -143*w - 5. Let p(h) = 13*i(h) - 6*r(h). Suppose 2*k + 2 = 4*b + 20, -4*b - 24 = 4*k. Determine p(b).
-4
Let b(o) = o**2 + 8*o + 5. Let t be b(-6). Let l = 6 + t. Let p(z) be the second derivative of 3*z**5/10 + z**2/2 + 25*z. Determine p(l).
-5
Let j = 139 + -143. Let h(n) = -n + 2. Calculate h(j).
6
Let s(v) = 3*v + 1. Let m(d) = 12*d - 3. Let z(i) = m(i) - 3*s(i). Determine z(-8).
-30
Suppose -5*c + 12 = -c. Let s(h) = 1 + 2*h**3 + 28*h**2 + 1 - 32*h**2 + 0. What is s(c)?
20
Suppose -y = 733 - 745. Let b(i) = i**2 - 12*i - 4. Determine b(y).
-4
Let o(j) = j**3 - 8*j**2 + 7*j - 10. Suppose -v + h + 7 = 0, -2*v = -5*v - 3*h + 21. What is o(v)?
-10
Let m(t) = t**3 - 16*t**2 - t + 9. Suppose 137*c = 138*c - 16. What is m(c)?
-7
Let x(g) = g - 4. Suppose 16 = -3*b + 7*b. Suppose -b*t - 5 = -5. Give x(t).
-4
Let g = -18 + 18. Let h = 24 + -26. Let n(q) = -3*q + 5. Let r(o) = 7*o - 11. Let x(m) = h*r(m) - 5*n(m). Determine x(g).
-3
Let l = 7 - -7. Let i = 11 - l. Let k be (-5 - -1)/(6/i). Let s(o) = o**3 - 2*o + 2. Determine s(k).
6
Let m(d) = 16*d - 9. Let z(l) = -42*l + 28. Let h(i) = -8*m(i) - 3*z(i). What is h(-8)?
4
Suppose -4*w = w - 5, -5*q - 3*w + 73 = 0. Suppose -10*r = -q*r + 24. Let b(c) = c**2 - 5*c - 3. What is b(r)?
3
Let y(k) = 3*k**2 - 5*k - 1. Let t(r) = -r**3 + r**2 + r + 1. Let l(x) = t(x) + y(x). Calculate l(3).
-3
Let r(i) = -3*i**3 - 4*i**2 + 5*i + 2. Let w(z) = 13*z**3 + 15*z**2 - 19*z - 8. Let t(o) = 9*r(o) + 2*w(o). Let y = 30 + -20. Let c = 3 - y. Determine t(c).
2
Let y(m) = -2*m**2 + 15*m + 7. Let o(r) = r**2 - 54*r + 337. Let k be o(7). Calculate y(k).
-1
Let y(t) = -3*t - 2*t + 7*t + 8*t. Suppose 0*j + j - 2 = 0. Suppose -3*p = -p - j. Calculate y(p).
10
Suppose -4*n - 76 = -4*z, -3*z - 25 = n + 2*z. Let b = n + 12. Let k(j) = -j - 7. Calculate k(b).
1
Let i(m) = -m + 8. Let o(z) = -z + 15. Let c be -11*((-2)/(-6) - (-8)/(-6)). Let y be o(c). Give i(y).
4
Let g(v) = -2*v**2 + 5*v - 7. Let l(a) = -4*a**2 + 10*a - 13. Let k(q) = -11*g(q) + 6*l(q). Give k(5).
-26
Let l(i) be the third derivative of i**6/120 + i**5/12 - i**4/4 - 7*i**3/6 + 39*i**2. Let s = 3 - 3. Suppose -c - 27 = 5*y, s = 2*y - 2*c - 3*c + 27. Give l(y).
-7
Let b(k) be the first derivative of k**2/2 + 40. Calculate b(-4).
-4
Let w(g) = g**3 + g**2 - 2*g - 2. Suppose x - 1 = 0, -5*x + 14 = -5*i - 6. Calculate w(i).
-14
Let k = 29 - 24. Let s(t) = -7*t**3 - 12*t**2 - 17*t + 5. Let h(n) = -11*n**3 - 18*n**2 - 26*n + 8. Let u(r) = k*h(r) - 8*s(r). Calculate u(-4).
8
Let z(c) be the second derivative of c**4/4 + c**2/2 - c. Suppose 5 = -5*t - 10. Let a(k) = k**3 + 3*k**2 - 2*k - 7. Let s be a(t). What is z(s)?
4
Let g(z) be the third derivative of -z**6/120 - 7*z**5/60 - z**4/24 + z**3/6 - 152*z**2. Suppose 7 = -5*o - 28. What is g(o)?
8
Let f(i) = 4*i - 2. Suppose 2*z - 33 = -35. What is f(z)?
-6
Let m(u) be the third derivative of 1/60*u**5 + 1/3*u**4 + 7/6*u**3 + 0 - 14*u**2 + 0*u. Calculate m(-6).
-5
Let t = 0 - 0. Let d(g) = -2771*g**3 - g - g**2 + 13 + 5561*g**3 - 2791*g**3. Give d(t).
13
Let q(f) = -f**2 - 6*f. Suppose 2*r = 91*m - 89*m + 8, -4*r + 10 = -3*m. Calculate q(m).
0
Let f be 10*(56/(-112) + 14/10). Let j(c) = c**3 - 10*c**2 + 13*c - 6. Calculate j(f).
30
Let k = 17 - 21. Let n be k/(-6) + (-34)/(-3). Let g(j) = -2 - 2 - n*j + 13*j. Give g(6).
2
Let s(n) = 4*n**3 + 2*n**2 - n. Let d(c) = -c**2 - 6*c + 14. Let b be d(-9). Let x = -12 - b. Determine s(x).
5
Let r(z) = -3*z - 26. Let l be r(-9). Suppose -2*s = -5*j - 13, 0 = -5*j + 4*j - l. Let b(k) = 3*k - 6. Calculate b(s).
6
Let p(w) be the first derivative of 10*w**3/3 - 2*w**2 + 3*w + 16. What is p(2)?
35
Let l(x) = 12*x - 3. Let h be l(5). Suppose 27 = -3*c - h. Let m = 30 + c. Let z(d) = d**3 - 2*d**2 + d. Determine z(m).
2
Let r(v) = v**3 - v**2 - v + 4. Suppose -u = 4*g - 1, 3*g + 5 + 13 = 3*u. Suppose 4*w - 5*o = -85, 9*o - 100 = u*w + 4*o. Let i = -15 - w. Determine r(i).
4
Let s(u) be the first derivative of 3*u**2/2 + 2*u - 178. Determine s(2).
8
Let s(a) = a**3 - 3*a**2 - 5*a + 4. Let k(y) = y**2 - y + 4. Let b(u) be the first derivative of -u**3/3 + 4. Let i be b(0). Let h be k(i). Give s(h).
0
Let n(y) be the second derivative of y**7/840 - y**6/60 - y**5/20 + 5*y**4/12 - 3*y**3 + 2*y. Let i(t) be the second derivative of n(t). What is i(7)?
17
Let p be 854/98 + (-2)/(-7). Let a(q) = 2*q + 7*q**2 - 6 + p*q**2 - 6*q + q**3 - 13*q**2. Suppose 0 = 9*n - 7*n + 8. Calculate a(n).
-6
Let s(r) = -1 + r - 5*r**2 + r + r**3 - 3*r. Suppose 65 = 40*i - 27*i. Calculate s(i).
-6
Let u = -28 - -20. Let n be 1 + u/(-4)*2. Let s(r) be the first derivative of -r**2 + 7*r + 2. Determine s(n).
-3
Suppose 42*t = 37*t + 445. Let q = 96 - t. Let s(f) = -f**3 + 8*f**2 - 6*f - 9. Determine s(q).
-2
Let f(b) be the third derivative of -b**4/24 - b**3/6 - 95*b**2. Calculate f(9).
-10
Let x be -1*2/((-6)/15). Suppose 21 = x*j + 6. Let p be (j - 2)/(-8 - -7). Let y(h) = 5*h**2 + 1. What is y(p)?
6
Let l(z) be the second derivative of 0 - 1/12*z**4 - 5/6*z**3 - 10*z - 3/2*z**2. Calculate l(-4).
1
Let r(w) be the second derivative of -w**4/12 + w**3 + 3*w**2/2 - 894*w. Suppose 4*m - 3*n = -4*n + 26, -2*m - n + 14 = 0. Determine r(m).
3
Let q(m) = -6*m**3 - 2*m**2 + 2*m - 3. Let l be q(1). Let k(i) = -i**2 - 10*i - 12. Calculate k(l).
-3
Let i(m) be the third derivative of -m**5/60 - m**4/3 + 3*m**3/2 - 303*m**2. Determine i(-6).
21
Let b be 1/(-3) + (-8)/3. Let f(l) = -l**3 - 11*l**2 + l + 7. Let k(y) = 2*y**2 - y - 1. Let o(v) = -f(v) - 4*k(v). Give o(b).
-12
Let n(h) = 35*h. Let x(m) be the third derivative of -m**4/24 - 13*m**2. Let y(f) = n(f) + 42*x(f). Determine y(-1).
7
Let n(d) be the second derivative of -1/2*d**2 + 1/12*d**4 + 0 - 11/6*d**3 + 12*d. Give n(10).
-11
Suppose -5*h + 2*v = 24, 3*h + 8 = 4*v - 12. Let r be (3*-1 - -1)/(h/(-8)). Let a(w) = w + 6. Give a(r).
2
Let j = 4 + -1. Suppose 0 = -0*f - 4*f + 8. Let t(x) = -1 + x - 8*x**f + 7*x**2 + 0*x**2. What is t(j)?
-7
Let a(r) = r**3 + 6*r**2 - 6*r - 2. Let f be a(-7). Let s be (-12)/f*(-9)/(-6). Suppose 11 = -s*b - 1. Let c(g) = -g**2 - 5*g + 1. Determine c(b).
-5
Let w(g) = -11*g + 62. Let d(k) = 6*k - 27. Let y(c) = 5*d(c) + 3*w(c). Calculate y(18).
-3
Let j(f) = 2*f + 20. Let m be j(-9). Let l(p) = 4*p**m + p**3 + 7 - p**3 - 3*p + p**3 + 0*p**3. What is l(-5)?
-3
Let n(r) = -r**3 - 8*r**2 - 8*r - 6. Let b be n(-7). Let u be -5*b*60/(-75). Let q(x) = -4*x + 4. Give q(u).
-12
Let q(l) = -l - 2. Let s(d) = -d + 15. Let t = 13 - -1. Let m be s(t). Let r be (-30)/8 - m/4. What is q(r)?
2
Let t(m) = m**2 - 4*m + 1. Let y = -85 - -91. Calculate t(y).
13
Let q(f) = -f + 4. Let a = -39 + 27. Let k be (a/(-5))/6 + 13/5. What is q(k)?
1
Let t = -1 + -21. Let k = -20 - t. Let i(u) = -4*u + 1. Calculate i(k).
-7
Let p be 2/5 - (-2)/(-5). Let i(a) be the second derivative of -a**5/20 + a**3/6 - 4*a**2 + 6*a - 76. What is i(p)?
-8
Suppose 2*j = 4*g + 12, -3*j - g - g - 14 = 0. Let o(q) = -q**2 - 8*q + 2. Let i(p) = 2*p**2 + 9*p - 1. Let m(a) = j*i(a) - 3*o(a). Determine m(4).
4
Let t(y) = -2*y**2 - 7*y - 5. Let v be ((-10)/(-2))/((-369)/18 - -18). Give t(v).
1
Suppose 0*a - 6*a + 12 = 0. Let v(m) be the first derivative of -m**4/2 + 2*m**3/3 